{"id":158,"date":"2020-02-17T15:00:20","date_gmt":"2020-02-17T15:00:20","guid":{"rendered":"http:\/\/bizix.premiumthemes.in\/?page_id=158"},"modified":"2023-09-13T09:36:42","modified_gmt":"2023-09-13T07:36:42","slug":"home-1","status":"publish","type":"page","link":"http:\/\/bip.zspkozmin.pl\/","title":{"rendered":"BIP"},"content":{"rendered":"<p><img loading=\"lazy\" decoding=\"async\" class=\"aligncenter\" src=\"http:\/\/bip.zspkozmin.pl\/wp-content\/uploads\/2023\/05\/minibaner.png\" sizes=\"auto, (max-width: 769px) 100vw, 769px\" srcset=\"http:\/\/bip.zspkozmin.pl\/wp-content\/uploads\/2023\/05\/minibaner.png 769w, http:\/\/bip.zspkozmin.pl\/wp-content\/uploads\/2023\/05\/minibaner-300x62.png 300w\" alt=\"\" width=\"769\" height=\"160\" \/><\/p>\n<p style=\"text-align: center;\">Biuletyn Informacji Publicznej (BIP) zosta\u0142 stworzony w celu powszechnego udost\u0119pniania informacji publicznej w postaci elektronicznej.<\/p>\n<p style=\"text-align: center;\"><strong><u>Dane teleadresowe:<\/u><\/strong><\/p>\n<p style=\"text-align: center;\">ulica: Zamkowa 1<br \/>\nkod pocztowy: 63- 720<br \/>\nmiejscowo\u015b\u0107: Ko\u017amin Wielkopolski<br \/>\nwojew\u00f3dztwo: wielkopolskie<br \/>\npowiat: krotoszy\u0144ski<br \/>\ntelefon: 62 7216 828<\/p>\n<p style=\"text-align: center;\">e- mail: <a href=\"mailto:sekretariat@zspkozmin.pl\">sekretariat@zspkozmin.pl<\/a><\/p>\n<p style=\"text-align: center;\">NIP: 6211339129<br \/>\nREGON: 000098045<\/p>\n<p style=\"text-align: center;\">strona www:\u00a0 \/\/zspkozmin.pl\/<\/p>\n<p style=\"text-align: center;\"><strong><u>Godziny otwarcia sekretariatu:<\/u><\/strong><\/p>\n<p style=\"text-align: center;\">poniedzia\u0142ek:\u00a0\u00a0\u00a0\u00a0\u00a0\u00a0\u00a0\u00a0\u00a0\u00a0\u00a0\u00a0 7:15 \u2013 15:15<br \/>\nwtorek:\u00a0\u00a0\u00a0\u00a0\u00a0\u00a0\u00a0\u00a0\u00a0\u00a0\u00a0\u00a0\u00a0\u00a0\u00a0\u00a0\u00a0\u00a0\u00a0\u00a0\u00a0\u00a0\u00a0 7:15 \u2013 15:15<br \/>\n\u015broda:\u00a0\u00a0\u00a0\u00a0\u00a0\u00a0\u00a0\u00a0\u00a0\u00a0\u00a0\u00a0\u00a0\u00a0\u00a0\u00a0\u00a0\u00a0\u00a0\u00a0\u00a0\u00a0\u00a0\u00a0\u00a0\u00a0 7:15 \u2013 15:15<br \/>\nczwartek:\u00a0\u00a0\u00a0\u00a0\u00a0\u00a0\u00a0\u00a0\u00a0\u00a0\u00a0\u00a0\u00a0\u00a0\u00a0\u00a0\u00a0\u00a0\u00a0\u00a0 7:15 \u2013 15:15<br \/>\npi\u0105tek:\u00a0\u00a0\u00a0\u00a0\u00a0\u00a0\u00a0\u00a0\u00a0\u00a0\u00a0\u00a0\u00a0\u00a0\u00a0\u00a0\u00a0\u00a0\u00a0\u00a0\u00a0\u00a0\u00a0\u00a0\u00a0\u00a0 7:15 \u2013 15:15<\/p>\n<p style=\"text-align: center;\"><strong><u>Redakcja BIP:<\/u><\/strong><\/p>\n<p style=\"text-align: center;\">redaktor:\u00a0 Maciej Kotecki<br \/>\ntelefon: 62 7216 828 w.20<br \/>\ne-mail: sekretariat@zspkozmin.pl<\/p>\n<p>&nbsp;<\/p>\n<p>&nbsp;<\/p>\n","protected":false},"excerpt":{"rendered":"<p>Biuletyn Informacji Publicznej (BIP) zosta\u0142 stworzony w celu powszechnego udost\u0119pniania informacji publicznej w postaci elektronicznej. Dane teleadresowe: ulica: Zamkowa 1 kod pocztowy: 63- 720 miejscowo\u015b\u0107: Ko\u017amin Wielkopolski wojew\u00f3dztwo: wielkopolskie powiat: krotoszy\u0144ski telefon: 62 7216 828 e- mail: sekretariat@zspkozmin.pl NIP: 6211339129 REGON: 000098045 strona www:\u00a0 \/\/zspkozmin.pl\/ Godziny otwarcia sekretariatu: poniedzia\u0142ek:\u00a0\u00a0\u00a0\u00a0\u00a0\u00a0\u00a0\u00a0\u00a0\u00a0\u00a0\u00a0 7:15 [&hellip;]<\/p>\n","protected":false},"author":1,"featured_media":0,"parent":0,"menu_order":0,"comment_status":"closed","ping_status":"closed","template":"","meta":{"footnotes":""},"class_list":["post-158","page","type-page","status-publish","hentry"],"yoast_head":"<!-- This site is optimized with the Yoast SEO plugin v24.0 - https:\/\/yoast.com\/wordpress\/plugins\/seo\/ -->\n<title>BIP - ZSP Ko\u017amin - BIP<\/title>\n<meta name=\"robots\" content=\"index, follow, max-snippet:-1, max-image-preview:large, max-video-preview:-1\" \/>\n<link rel=\"canonical\" href=\"http:\/\/bip.zspkozmin.pl\/\" \/>\n<meta property=\"og:locale\" content=\"pl_PL\" \/>\n<meta property=\"og:type\" content=\"article\" \/>\n<meta property=\"og:title\" content=\"BIP - ZSP Ko\u017amin - BIP\" \/>\n<meta property=\"og:description\" content=\"Biuletyn Informacji Publicznej (BIP) zosta\u0142 stworzony w celu powszechnego udost\u0119pniania informacji publicznej w postaci elektronicznej. Dane teleadresowe: ulica: Zamkowa 1 kod pocztowy: 63- 720 miejscowo\u015b\u0107: Ko\u017amin Wielkopolski wojew\u00f3dztwo: wielkopolskie powiat: krotoszy\u0144ski telefon: 62 7216 828 e- mail: sekretariat@zspkozmin.pl NIP: 6211339129 REGON: 000098045 strona www:\u00a0 \/\/zspkozmin.pl\/ Godziny otwarcia sekretariatu: poniedzia\u0142ek:\u00a0\u00a0\u00a0\u00a0\u00a0\u00a0\u00a0\u00a0\u00a0\u00a0\u00a0\u00a0 7:15 [&hellip;]\" \/>\n<meta property=\"og:url\" content=\"http:\/\/bip.zspkozmin.pl\/\" \/>\n<meta property=\"og:site_name\" content=\"ZSP Ko\u017amin - BIP\" \/>\n<meta property=\"article:modified_time\" content=\"2023-09-13T07:36:42+00:00\" \/>\n<meta property=\"og:image\" content=\"http:\/\/bip.zspkozmin.pl\/wp-content\/uploads\/2023\/05\/minibaner.png\" \/>\n<meta name=\"twitter:card\" content=\"summary_large_image\" \/>\n<meta name=\"twitter:label1\" content=\"Szacowany czas czytania\" \/>\n\t<meta name=\"twitter:data1\" content=\"1 minuta\" \/>\n<script type=\"application\/ld+json\" class=\"yoast-schema-graph\">{\"@context\":\"https:\/\/schema.org\",\"@graph\":[{\"@type\":\"WebPage\",\"@id\":\"http:\/\/bip.zspkozmin.pl\/\",\"url\":\"http:\/\/bip.zspkozmin.pl\/\",\"name\":\"BIP - ZSP Ko\u017amin - BIP\",\"isPartOf\":{\"@id\":\"http:\/\/bip.zspkozmin.pl\/#website\"},\"primaryImageOfPage\":{\"@id\":\"http:\/\/bip.zspkozmin.pl\/#primaryimage\"},\"image\":{\"@id\":\"http:\/\/bip.zspkozmin.pl\/#primaryimage\"},\"thumbnailUrl\":\"http:\/\/bip.zspkozmin.pl\/wp-content\/uploads\/2023\/05\/minibaner.png\",\"datePublished\":\"2020-02-17T15:00:20+00:00\",\"dateModified\":\"2023-09-13T07:36:42+00:00\",\"breadcrumb\":{\"@id\":\"http:\/\/bip.zspkozmin.pl\/#breadcrumb\"},\"inLanguage\":\"pl-PL\",\"potentialAction\":[{\"@type\":\"ReadAction\",\"target\":[\"http:\/\/bip.zspkozmin.pl\/\"]}]},{\"@type\":\"ImageObject\",\"inLanguage\":\"pl-PL\",\"@id\":\"http:\/\/bip.zspkozmin.pl\/#primaryimage\",\"url\":\"http:\/\/bip.zspkozmin.pl\/wp-content\/uploads\/2023\/05\/minibaner.png\",\"contentUrl\":\"http:\/\/bip.zspkozmin.pl\/wp-content\/uploads\/2023\/05\/minibaner.png\",\"width\":769,\"height\":160},{\"@type\":\"BreadcrumbList\",\"@id\":\"http:\/\/bip.zspkozmin.pl\/#breadcrumb\",\"itemListElement\":[{\"@type\":\"ListItem\",\"position\":1,\"name\":\"Home\",\"item\":\"http:\/\/bip.zspkozmin.pl\/\"},{\"@type\":\"ListItem\",\"position\":2,\"name\":\"BIP\"}]},{\"@type\":\"WebSite\",\"@id\":\"http:\/\/bip.zspkozmin.pl\/#website\",\"url\":\"http:\/\/bip.zspkozmin.pl\/\",\"name\":\"ZSP Ko\u017amin - BIP\",\"description\":\"Strona BIP\",\"potentialAction\":[{\"@type\":\"SearchAction\",\"target\":{\"@type\":\"EntryPoint\",\"urlTemplate\":\"http:\/\/bip.zspkozmin.pl\/?s={search_term_string}\"},\"query-input\":{\"@type\":\"PropertyValueSpecification\",\"valueRequired\":true,\"valueName\":\"search_term_string\"}}],\"inLanguage\":\"pl-PL\"}]}<\/script>\n<!-- \/ Yoast SEO plugin. -->","yoast_head_json":{"title":"BIP - ZSP Ko\u017amin - BIP","robots":{"index":"index","follow":"follow","max-snippet":"max-snippet:-1","max-image-preview":"max-image-preview:large","max-video-preview":"max-video-preview:-1"},"canonical":"http:\/\/bip.zspkozmin.pl\/","og_locale":"pl_PL","og_type":"article","og_title":"BIP - ZSP Ko\u017amin - BIP","og_description":"Biuletyn Informacji Publicznej (BIP) zosta\u0142 stworzony w celu powszechnego udost\u0119pniania informacji publicznej w postaci elektronicznej. Dane teleadresowe: ulica: Zamkowa 1 kod pocztowy: 63- 720 miejscowo\u015b\u0107: Ko\u017amin Wielkopolski wojew\u00f3dztwo: wielkopolskie powiat: krotoszy\u0144ski telefon: 62 7216 828 e- mail: sekretariat@zspkozmin.pl NIP: 6211339129 REGON: 000098045 strona www:\u00a0 \/\/zspkozmin.pl\/ Godziny otwarcia sekretariatu: poniedzia\u0142ek:\u00a0\u00a0\u00a0\u00a0\u00a0\u00a0\u00a0\u00a0\u00a0\u00a0\u00a0\u00a0 7:15 [&hellip;]","og_url":"http:\/\/bip.zspkozmin.pl\/","og_site_name":"ZSP Ko\u017amin - BIP","article_modified_time":"2023-09-13T07:36:42+00:00","og_image":[{"url":"http:\/\/bip.zspkozmin.pl\/wp-content\/uploads\/2023\/05\/minibaner.png","type":"","width":"","height":""}],"twitter_card":"summary_large_image","twitter_misc":{"Szacowany czas czytania":"1 minuta"},"schema":{"@context":"https:\/\/schema.org","@graph":[{"@type":"WebPage","@id":"http:\/\/bip.zspkozmin.pl\/","url":"http:\/\/bip.zspkozmin.pl\/","name":"BIP - ZSP Ko\u017amin - BIP","isPartOf":{"@id":"http:\/\/bip.zspkozmin.pl\/#website"},"primaryImageOfPage":{"@id":"http:\/\/bip.zspkozmin.pl\/#primaryimage"},"image":{"@id":"http:\/\/bip.zspkozmin.pl\/#primaryimage"},"thumbnailUrl":"http:\/\/bip.zspkozmin.pl\/wp-content\/uploads\/2023\/05\/minibaner.png","datePublished":"2020-02-17T15:00:20+00:00","dateModified":"2023-09-13T07:36:42+00:00","breadcrumb":{"@id":"http:\/\/bip.zspkozmin.pl\/#breadcrumb"},"inLanguage":"pl-PL","potentialAction":[{"@type":"ReadAction","target":["http:\/\/bip.zspkozmin.pl\/"]}]},{"@type":"ImageObject","inLanguage":"pl-PL","@id":"http:\/\/bip.zspkozmin.pl\/#primaryimage","url":"http:\/\/bip.zspkozmin.pl\/wp-content\/uploads\/2023\/05\/minibaner.png","contentUrl":"http:\/\/bip.zspkozmin.pl\/wp-content\/uploads\/2023\/05\/minibaner.png","width":769,"height":160},{"@type":"BreadcrumbList","@id":"http:\/\/bip.zspkozmin.pl\/#breadcrumb","itemListElement":[{"@type":"ListItem","position":1,"name":"Home","item":"http:\/\/bip.zspkozmin.pl\/"},{"@type":"ListItem","position":2,"name":"BIP"}]},{"@type":"WebSite","@id":"http:\/\/bip.zspkozmin.pl\/#website","url":"http:\/\/bip.zspkozmin.pl\/","name":"ZSP Ko\u017amin - BIP","description":"Strona BIP","potentialAction":[{"@type":"SearchAction","target":{"@type":"EntryPoint","urlTemplate":"http:\/\/bip.zspkozmin.pl\/?s={search_term_string}"},"query-input":{"@type":"PropertyValueSpecification","valueRequired":true,"valueName":"search_term_string"}}],"inLanguage":"pl-PL"}]}},"_links":{"self":[{"href":"http:\/\/bip.zspkozmin.pl\/index.php?rest_route=\/wp\/v2\/pages\/158","targetHints":{"allow":["GET"]}}],"collection":[{"href":"http:\/\/bip.zspkozmin.pl\/index.php?rest_route=\/wp\/v2\/pages"}],"about":[{"href":"http:\/\/bip.zspkozmin.pl\/index.php?rest_route=\/wp\/v2\/types\/page"}],"author":[{"embeddable":true,"href":"http:\/\/bip.zspkozmin.pl\/index.php?rest_route=\/wp\/v2\/users\/1"}],"replies":[{"embeddable":true,"href":"http:\/\/bip.zspkozmin.pl\/index.php?rest_route=%2Fwp%2Fv2%2Fcomments&post=158"}],"version-history":[{"count":64,"href":"http:\/\/bip.zspkozmin.pl\/index.php?rest_route=\/wp\/v2\/pages\/158\/revisions"}],"predecessor-version":[{"id":2233,"href":"http:\/\/bip.zspkozmin.pl\/index.php?rest_route=\/wp\/v2\/pages\/158\/revisions\/2233"}],"wp:attachment":[{"href":"http:\/\/bip.zspkozmin.pl\/index.php?rest_route=%2Fwp%2Fv2%2Fmedia&parent=158"}],"curies":[{"name":"wp","href":"https:\/\/api.w.org\/{rel}","templated":true}]}}